 units digit of 134?
4
What is the units digit of 1834?
4
What is the hundreds digit of 1279?
2
What is the thousands digit of 58043?
8
What is the hundreds digit of 4993?
9
What is the tens digit of 4222?
2
What is the units digit of 1268?
8
What is the thousands digit of 2040?
2
What is the thousands digit of 5677?
5
What is the units digit of 521?
1
What is the units digit of 41454?
4
What is the hundreds digit of 23423?
4
What is the hundreds digit of 405?
4
What is the ten thousands digit of 29058?
2
What is the units digit of 321?
1
What is the thousands digit of 74768?
4
What is the tens digit of 5321?
2
What is the thousands digit of 74327?
4
What is the units digit of 6223?
3
What is the thousands digit of 12579?
2
What is the tens digit of 3319?
1
What is the hundreds digit of 2026?
0
What is the thousands digit of 4662?
4
What is the units digit of 917?
7
What is the thousands digit of 26792?
6
What is the units digit of 83797?
7
What is the hundreds digit of 576?
5
What is the thousands digit of 14611?
4
What is the units digit of 77801?
1
What is the tens digit of 27514?
1
What is the units digit of 998?
8
What is the units digit of 3?
3
What is the units digit of 14376?
6
What is the tens digit of 925?
2
What is the hundreds digit of 24530?
5
What is the tens digit of 17005?
0
What is the hundreds digit of 710?
7
What is the tens digit of 9827?
2
What is the units digit of 26378?
8
What is the units digit of 40122?
2
What is the units digit of 8726?
6
What is the tens digit of 11288?
8
What is the hundreds digit of 363?
3
What is the ten thousands digit of 27379?
2
What is the hundreds digit of 2892?
8
What is the tens digit of 1505?
0
What is the ten thousands digit of 143056?
4
What is the units digit of 107781?
1
What is the units digit of 1229?
9
What is the units digit of 21007?
7
What is the hundreds digit of 17125?
1
What is the hundreds digit of 50997?
9
What is the thousands digit of 2773?
2
What is the hundreds digit of 58004?
0
What is the hundreds digit of 1037?
0
What is the hundreds digit of 46080?
0
What is the thousands digit of 32300?
2
What is the units digit of 1308?
8
What is the tens digit of 14?
1
What is the tens digit of 15251?
5
What is the tens digit of 15623?
2
What is the tens digit of 45830?
3
What is the hundreds digit of 287?
2
What is the thousands digit of 10726?
0
What is the units digit of 770?
0
What is the units digit of 5538?
8
What is the hundreds digit of 318?
3
What is the tens digit of 1379?
7
What is the tens digit of 18413?
1
What is the tens digit of 28569?
6
What is the ten thousands digit of 37338?
3
What is the tens digit of 2152?
5
What is the tens digit of 402?
0
What is the units digit of 21735?
5
What is the tens digit of 1561?
6
What is the hundreds digit of 1149?
1
What is the ten thousands digit of 41531?
4
What is the tens digit of 9637?
3
What is the tens digit of 1683?
8
What is the tens digit of 1301?
0
What is the tens digit of 16273?
7
What is the hundreds digit of 7428?
4
What is the tens digit of 484?
8
What is the tens digit of 735?
3
What is the units digit of 1257?
7
What is the hundreds digit of 9301?
3
What is the hundreds digit of 491?
4
What is the tens digit of 84518?
1
What is the thousands digit of 18772?
8
What is the tens digit of 1297?
9
What is the units digit of 1628?
8
What is the tens digit of 13816?
1
What is the tens digit of 842?
4
What is the units digit of 3890?
0
What is the hundreds digit of 251?
2
What is the hundreds digit of 38359?
3
What is the hundreds digit of 2760?
7
What is the units digit of 1185?
5
What is the units digit of 6253?
3
What is the ten thousands digit of 33243?
3
What is the hundreds digit of 32277?
2
What is the hundreds digit of 16089?
0
What is the thousands digit of 11876?
1
What is the thousands digit of 9025?
9
What is the tens digit of 1582?
8
What is the tens digit of 2652?
5
What is the tens digit of 9307?
0
What is the hundreds digit of 456?
4
What is the tens digit of 3973?
7
What is the hundreds digit of 974?
9
What is the hundreds digit of 1707?
7
What is the tens digit of 408?
0
What is the units digit of 4406?
6
What is the hundreds digit of 3943?
9
What is the hundreds digit of 49775?
7
What is the thousands digit of 11319?
1
What is the thousands digit of 4841?
4
What is the hundreds digit of 3844?
8
What is the units digit of 57504?
4
What is the units digit of 3009?
9
What is the ten thousands digit of 17123?
1
What is the tens digit of 8847?
4
What is the units digit of 240?
0
What is the ten thousands digit of 57294?
5
What is the hundreds digit of 528?
5
What is the hundreds digit of 128?
1
What is the tens digit of 40192?
9
What is the hundreds digit of 966?
9
What is the tens digit of 27951?
5
What is the hundreds digit of 899?
8
What is the units digit of 4880?
0
What is the tens digit of 2899?
9
What is the units digit of 236?
6
What is the ten thousands digit of 79568?
7
What is the tens digit of 2667?
6
What is the tens digit of 10631?
3
What is the units digit of 349?
9
What is the units digit of 6782?
2
What is the units digit of 1228?
8
What is the units digit of 11631?
1
What is the hundreds digit of 13836?
8
What is the hundreds digit of 5848?
8
What is the hundreds digit of 8801?
8
What is the tens digit of 2810?
1
What is the thousands digit of 1980?
1
What is the hundreds digit of 3011?
0
What is the hundreds digit of 2621?
6
What is the tens digit of 594?
9
What is the units digit of 382?
2
What is the tens digit of 1891?
9
What is the hundreds digit of 193447?
4
What is the tens digit of 10295?
9
What is the ten thousands digit of 21701?
2
What is the hundreds digit of 12942?
9
What is the ten thousands digit of 11098?
1
What is the hundred thousands digit of 111477?
1
What is the units digit of 562?
2
What is the tens digit of 725?
2
What is the hundreds digit of 11629?
6
What is the units digit of 1118?
8
What is the tens digit of 829?
2
What is the tens digit of 1280?
8
What is the units digit of 1108?
8
What is the units digit of 2932?
2
What is the hundreds digit of 33949?
9
What is the units digit of 7912?
2
What is the hundreds digit of 12372?
3
What is the tens digit of 7113?
1
What is the units digit of 189?
9
What is the thousands digit of 5739?
5
What is the hundreds digit of 979?
9
What is the tens digit of 1803?
0
What is the hundreds digit of 950?
9
What is the ten thousands digit of 13736?
1
What is the hundreds digit of 2748?
7
What is the units digit of 6963?
3
What is the thousands digit of 8950?
8
What is the tens digit of 17690?
9
What is the thousands digit of 2995?
2
What is the tens digit of 212?
1
What is the tens digit of 10633?
3
What is the units digit of 36859?
9
What is the tens digit of 1008?
0
What is the thousands digit of 1109?
1
What is the units digit of 19089?
9
What is the hundreds digit of 2440?
4
What is the thousands digit of 6253?
6
What is the hundred thousands digit of 171806?
1
What is the hundreds digit of 394?
3
What is the thousands digit of 12616?
2
What is the thousands digit of 10520?
0
What is the thousands digit of 8687?
8
What is the units digit of 23368?
8
What is the tens digit of 14760?
6
What is the units digit of 482?
2
What is the hundreds digit of 167?
1
What is the ten thousands digit of 60528?
6
What is the tens digit of 8651?
5
What is the tens digit of 10151?
5
What is the thousands digit of 3756?
3
What is the hundreds digit of 6138?
1
What is the units digit of 121?
1
What is the hundreds digit of 1870?
8
What is the units digit of 5324?
4
What is the thousands digit of 10435?
0
What is the tens digit of 3399?
9
What is the hundreds digit of 805?
8
What is the thousands digit of 2177?
2
What is the tens digit of 6346?
4
What is the units digit of 2997?
7
What is the thousands digit of 70787?
0
What is the thousands digit of 6554?
6
What is the tens digit of 6541?
4
What is the hundreds digit of 17189?
1
What is the thousands digit of 5762?
5
What is the thousands digit of 12933?
2
What is the units digit of 1700?
0
What is the thousands digit of 19175?
9
What is the thousands digit of 7646?
7
What is the hundreds digit of 76788?
7
What is the hundreds digit of 37561?
5
What is the hundreds digit of 3542?
5
What is 